95 a factor of 10481604?
False
Is 871 a factor of 5797376?
True
Is 17 a factor of 734502?
True
Is 164 a factor of 6119988?
True
Does 45 divide 29700?
True
Does 27 divide 6119112?
False
Does 129 divide 384157?
False
Does 225 divide 662043?
False
Is 2 a factor of 15165?
False
Is 77041 a multiple of 83?
False
Does 21 divide 368907?
True
Does 1078 divide 1848770?
True
Does 16 divide 39552?
True
Is 64 a factor of 496091?
False
Does 118 divide 28202?
True
Does 11 divide 11838442?
True
Does 53 divide 22737?
True
Does 9 divide 95256?
True
Is 14791 a multiple of 19?
False
Is 29 a factor of 4508775?
True
Is 488 a factor of 314425?
False
Is 610940 a multiple of 266?
False
Is 13565581 a multiple of 1472?
False
Is 7141520 a multiple of 40?
True
Is 977106 a multiple of 10?
False
Does 11 divide 297269?
False
Is 15 a factor of 6404014?
False
Does 22 divide 27513552?
True
Is 35 a factor of 661901?
False
Is 544444 a multiple of 62?
False
Is 7 a factor of 78763?
False
Is 6460850 a multiple of 22?
True
Is 10 a factor of 1601700?
True
Does 8 divide 279312?
True
Is 3369033 a multiple of 113?
False
Does 1956 divide 29121961?
False
Does 1575 divide 2760975?
True
Does 358 divide 513014?
True
Does 12 divide 94054?
False
Is 6 a factor of 141203?
False
Is 42 a factor of 24237?
False
Does 65 divide 38090?
True
Is 66925 a multiple of 38?
False
Does 11 divide 765232?
False
Is 429520 a multiple of 260?
True
Is 160685 a multiple of 15?
False
Is 14 a factor of 3259312?
True
Is 1913403 a multiple of 73?
True
Is 20464223 a multiple of 60?
False
Does 4 divide 960124?
True
Does 789 divide 3458496?
False
Is 617491 a multiple of 38?
False
Is 51 a factor of 1348848?
True
Is 970592 a multiple of 196?
True
Does 10 divide 531780?
True
Is 4355071 a multiple of 353?
False
Is 128 a factor of 490876?
False
Is 69353 a multiple of 61?
False
Does 12 divide 210942?
False
Does 241 divide 3751702?
False
Is 64684 even?
True
Is 742 a factor of 6631982?
False
Is 2980054 a multiple of 11?
True
Is 69 a factor of 2677269?
True
Is 1218 a factor of 9310638?
False
Is 3718579 a multiple of 67?
False
Does 423 divide 849384?
True
Is 40 a factor of 7534760?
True
Is 459 a factor of 1075896?
True
Is 3312150 a multiple of 150?
True
Is 309 a factor of 7578225?
True
Is 20 a factor of 3858249?
False
Does 164 divide 164164?
True
Does 2 divide 61651?
False
Does 77 divide 6006?
True
Is 7056955 a multiple of 162?
False
Is 2647470 a multiple of 14?
True
Is 44 a factor of 9471?
False
Is 129716 a multiple of 155?
False
Is 33718 a multiple of 2?
True
Does 271 divide 419423?
False
Is 1033 a factor of 4918113?
True
Does 33 divide 1949555?
False
Is 452319 a multiple of 285?
False
Is 1342935 a multiple of 685?
False
Is 374783 a multiple of 8?
False
Does 112 divide 2157473?
False
Does 377 divide 561343?
False
Is 100005 a multiple of 8?
False
Is 1042 a factor of 21030?
False
Is 58 a factor of 6261680?
True
Is 1068708 a multiple of 37?
True
Is 381374 a multiple of 7?
True
Is 64 a factor of 119247?
False
Is 2692480 a multiple of 22?
False
Is 9 a factor of 25833?
False
Does 173 divide 12283?
True
Is 1063908 a multiple of 27?
True
Is 296324 a multiple of 10?
False
Does 54 divide 551185?
False
Is 710 a factor of 543150?
True
Is 55 a factor of 71005?
True
Does 656 divide 13295028?
False
Is 684704 a multiple of 51?
False
Is 499 a factor of 8142101?
False
Is 8 a factor of 3562643?
False
Is 9 a factor of 875835?
True
Is 10 a factor of 63030?
True
Is 461832 a multiple of 28?
True
Is 40 a factor of 75560?
True
Is 6 a factor of 465840?
True
Is 234180 a multiple of 15?
True
Does 114 divide 861384?
True
Is 2420394 a multiple of 66?
False
Does 125 divide 196001?
False
Is 57358 a multiple of 17?
True
Is 582080 a multiple of 535?
True
Is 13 a factor of 89206?
True
Is 34357543 a multiple of 23?
False
Is 6890836 a multiple of 86?
True
Does 2 divide 4797719?
False
Is 13100179 a multiple of 1038?
False
Is 1214144 a multiple of 976?
True
Is 16 a factor of 32339872?
True
Is 298993 a multiple of 13?
False
Is 217 a factor of 106330?
True
Is 68 a factor of 926704?
True
Is 255 a factor of 24529470?
True
Is 308 a factor of 9498314?
False
Is 89 a factor of 1912699?
True
Is 80840 a multiple of 40?
True
Is 78083 a multiple of 113?
True
Is 107735 a multiple of 5?
True
Is 1290550 a multiple of 106?
True
Is 85 a factor of 21152?
False
Does 67 divide 2751334?
False
Is 11 a factor of 318009?
False
Is 381 a factor of 4568190?
True
Is 59688 a multiple of 44?
False
Is 1557 a factor of 1851273?
True
Is 668667 a multiple of 57?
True
Is 138535 a multiple of 178?
False
Does 965 divide 2819178?
False
Does 1095 divide 10782465?
True
Is 1213940 a multiple of 65?
True
Is 3826013 a multiple of 109?
False
Is 582595 a multiple of 13?
True
Is 7 a factor of 1287330?
False
Is 13 a factor of 13369642?
True
Does 3 divide 21983?
False
Is 515424 a multiple of 22?
False
Is 127290 a multiple of 30?
True
Is 313 a factor of 7124193?
True
Is 314092 a multiple of 68?
True
Does 99 divide 3326400?
True
Is 80 a factor of 238937?
False
Does 32 divide 596032?
True
Does 324 divide 2217780?
True
Is 195 a factor of 22860045?
True
Is 38 a factor of 1778886?
False
Is 913511 a multiple of 15?
False
Is 4498110 a multiple of 615?
True
Does 45 divide 1040558?
False
Does 142 divide 47472?
False
Does 10 divide 125895?
False
Is 953316 a multiple of 84?
True
Is 15 a factor of 32742900?
True
Is 636589 a multiple of 257?
True
Is 268 a factor of 204815?
False
Is 24016 a multiple of 95?
False
Is 98 a factor of 75852?
True
Is 112904 a multiple of 5?
False
Does 4 divide 71283?
False
Does 633 divide 648206?
False
Is 3 a factor of 159764?
False
Does 39 divide 3745355?
False
Is 11099 even?
False
Does 125 divide 69875?
True
Does 255 divide 1341864?
False
Is 15 a factor of 527381?
False
Does 1333 divide 8257935?
True
Is 153 a factor of 265242?
False
Is 772 a factor of 6419180?
True
Is 6787637 a multiple of 5?
False
Does 19 divide 26448?
True
Does 11 divide 407297?
True
Is 940780 a multiple of 5?
True
Is 56156 a multiple of 152?
False
Does 47 divide 621089?
False
Does 504 divide 253792?
False
Does 30 divide 7506090?
True
Does 27 divide 4589109?
True
Does 350 divide 2769900?
True
Is 26 a factor of 212186?
True
Is 35 a factor of 55467?
False
Is 174 a factor of 266394?
True
Is 2217192 a multiple of 23?
False
Does 46 divide 2881486?
True
Is 158 a factor of 10844330?
True
Does 52 divide 431819?
False
Is 12029184 a multiple of 1562?
False
Is 36595 a multiple of 6?
False
Is 488900 a multiple of 20?
True
Is 26162222 a multiple of 2026?
False
Is 219834 a multiple of 6?
True
Does 32 divide 262560?
True
Is 1340339 a multiple of 721?
True
Is 13 a factor of 423533?
False
Does 32 divide 62179?
False
Does 112 divide 5082896?
True
Does 7 divide 219528?
False
Is 43 a factor of 60114?
True
Is 48 a factor of 323253?
False
Is 116112 a multiple of 177?
True
Is 189090 a multiple of 66?
True
Does 12 divide 2306808?
True
Is 19 a factor of 479750?
True
Is 38 a factor of 479332?
True
Does 17 divide 413644?
True
Is 1450721 a multiple of 17?
False
Does 2 divide 2582?
True
Is 1948075 a multiple of 999?
False
Is 253 a factor of 3548578?
True
Is 137 a factor of 233722?
True
Is 282405 a multiple of 15?
True
Is 177 a factor of 60888?
True
Is 192230 a multiple of 94?
True
Is 84906 a multiple of 60?
False
Is 370 a factor of 879803?
False
Is 9988103 a multiple of 160?
False
Is 91434 a multiple of 294?
True
Is 3303196 a multiple of 16?
False
Is 4 a factor of 162116?
True
Does 10 divide 803507?
False
Is 17 a factor of 1487892?
False
Is 53138 a multiple of 10?
False
Is 586916 a multiple of 4?
True
Does 19 divide 5616717?
False
Does 238 divide 5109548?
False
Is 152 a factor of 541728?
True
Is 4536 a multiple of 9?
True
Does 240 divide 639290?
False
Is 166452 a multiple of 66?
True
Is 582218 a multiple of 26?
True
Is 1178481 even?
False
Is 1015 a factor of 13185964?
False
Is 3 a factor of 122673?
True
Is 1723203 a multiple of 32?
False
Is 28 a factor of 1508063?
False
Does 38 divide 16034?
False
Is 91 a factor of 204565?
False
Is 31 a factor of 3944035?
False
Is 9051788 a multiple of 15?
False
Does 56 divide 1708224?
True
Does 58 divide 971?
False
Is 4077224 a multiple of 45?
False
Does 10 divide 207831?
False
Is 33 a factor of 599443?
False
Is 4 a factor